= -3*z - 2. Suppose 0 = -3*l + 5*l - q - 48, -117 = -z*l + q. Is l composite?
False
Suppose -f + 4*f = -y + 782, -5*y = 3*f - 3850. Is y a prime number?
False
Is (-21253)/(-15) - (428/(-60) - -7) prime?
False
Suppose v + 0*v = 919. Is v composite?
False
Suppose 3*t - 2*i - 10341 = i, 4*t = -2*i + 13800. Is t a prime number?
True
Suppose -2*n + 1408 = 2*q, 2*n - 5*n - 2851 = -4*q. Is q a prime number?
True
Let x = -3 + 6. Suppose -x*m - 4*h = 7 - 26, -5*m + 20 = -5*h. Suppose 0 = -m*t + 3*t + 110. Is t composite?
True
Let s(t) = 457*t - 7. Is s(2) prime?
True
Let j be 1657/2 + 2/(-4). Suppose -5*f = -2073 + j. Suppose 3*z - f = -0*z. Is z prime?
True
Suppose -4*f + 534 = -2*f. Is f prime?
False
Let x(u) = u**2 + 2*u + 1. Let a be x(2). Let c = -25 + a. Is (-1208)/c + (-6)/4 a composite number?
True
Let y = 11 + -8. Suppose p - d - 687 = d, y*p + d = 2033. Is p composite?
True
Suppose 0 = 2*h - 5*b - 732 - 889, 5*h - 4075 = 5*b. Is h a composite number?
True
Is (-114019)/(-171) + 1/9*2 a composite number?
True
Let y be (72/(-10))/(2/30). Let k = y + 56. Let l = 73 + k. Is l prime?
False
Let z(c) = 2*c**2 + c - 1. Let m be z(1). Suppose 0 = -m*u - 2*b + 2, 0 = -4*u + 4*b - 0*b + 12. Is u composite?
False
Let t be (-326)/(-4)*(-3 - -5). Suppose -3*r + 230 + t = 0. Is r a composite number?
False
Let z be -2*(5 + 0/3). Let m(i) = -15*i + 11. Is m(z) a composite number?
True
Let g(f) = 558*f**2 - 8*f + 7. Is g(1) a composite number?
False
Let z(w) = -w**3 + 6*w**2 - 3*w + 3. Is z(3) prime?
False
Let l = 1028 + -697. Is l a composite number?
False
Let g(u) = 25*u**2 - 9*u - 13. Is g(-12) a prime number?
False
Let c = 233 + -114. Is c a composite number?
True
Suppose 5*m = 20 + 5. Suppose m*l = 59 + 216. Is l composite?
True
Let g = 4166 + -1083. Is g a composite number?
False
Let k = 1492 - 861. Is k composite?
False
Suppose 0 = -j + 2*j. Suppose -2*k + 203 = r, j = r + 3*k - 0*k - 199. Is r a prime number?
True
Let p(r) = -r**3 - 4*r**2 - 2*r + 7. Let z be p(-9). Suppose 3*v = -3*d + 324, -5*d = -d + 3*v - z. Is d prime?
False
Let g = 15 + -7. Is 33*g - (-4)/4 prime?
False
Is 5*((-163)/(-5))/1 composite?
False
Suppose -4*j + 663 = 4*u - 657, -3*u - 5*j + 992 = 0. Is u composite?
True
Suppose 0 = -u + 49 + 110. Is u a prime number?
False
Is 3 - (1 - 27)*15 a composite number?
True
Suppose 0 = 6*a - a - 20. Suppose a*p = -5*q + 2479, 2*q + 3*q = -5*p + 2475. Is q composite?
False
Let m = -27 - -38. Let k = 16 - 8. Let i = m + k. Is i a prime number?
True
Let w = -137 + -102. Let k be (-156)/1 - (4 - 6). Let b = k - w. Is b a composite number?
True
Is (-21)/7*(-1543)/3 composite?
False
Let c(f) = f**3 + 5*f**2 - 2. Let i be c(-5). Is (i - 0)/1 - -53 composite?
True
Is 243 + (-4 - -3 - 3) prime?
True
Suppose -630 - 930 = -5*l. Suppose 0 = -2*d + 5*d + l. Let n = d - -151. Is n composite?
False
Suppose -21 - 13 = 2*k. Is (-3)/(1/k*1) prime?
False
Let t = 2 + -2. Let w be 1*(t + 2 - 6). Is (11/w)/(2/(-24)) composite?
True
Let b be -3*4/(-6)*1. Suppose b*y = -0*y + 230. Is y prime?
False
Let f(i) = 12*i + 3. Suppose 2*p + 3*n - 19 + 1 = 0, -4*p - 2*n = -20. Is f(p) a composite number?
True
Let n(t) = 117*t + 2. Is n(7) prime?
True
Let z(o) = o + 1. Let g be z(0). Is g/(-2) - 513/(-6) composite?
True
Suppose 4*c - 3*v - 4138 = 2*v, -2*c + 5*v + 2064 = 0. Is c a prime number?
False
Suppose 5*u - 8925 = 6*l - l, 0 = -5*u + 3*l + 8915. Let k = -1209 + u. Is k prime?
True
Let f(z) be the second derivative of -z**8/6720 + z**7/504 - z**6/720 - z**5/24 + z**4/12 + 2*z. Let o(w) be the third derivative of f(w). Is o(4) composite?
False
Let g(h) = 30*h**2 - 5. Is g(-5) prime?
False
Let w = -339 + 646. Is w prime?
True
Let o = -1822 - -4563. Is o composite?
False
Let f(x) be the second derivative of 0*x**2 + 0*x**3 - 9/5*x**5 - x + 1/12*x**4 + 0. Is f(-1) composite?
False
Suppose -489 = -4*b + b. Is b composite?
False
Let b be (1 - 4)*-3 + -4. Suppose b*j = 309 - 34. Is j a composite number?
True
Suppose 0 = 5*d - 4*d + 7. Let r be (-1)/3 + d/(-3). Is (1/(-2))/(r/(-236)) a prime number?
True
Is (-1 + 3)/2*(-673)/(-1) prime?
True
Let n be 3*(-2 + 1168/(-12)). Is n/(-1 + -1 + 0) prime?
True
Let f be -1 + (1 - 923)/(-1). Let o(k) = k**3 - 12*k**2 + 4*k - 41. Let t be o(12). Suppose -t*m = -4*m - f. Is m composite?
False
Let l(u) = 4*u**2 - u - 6. Is l(5) a composite number?
False
Suppose -137 = 3*s - 4*n + 5*n, -4*s - 180 = 4*n. Let o = -22 - s. Let c = 39 - o. Is c composite?
True
Suppose 104 - 1694 = -10*x. Is x a prime number?
False
Let o = 513 - 344. Is o a composite number?
True
Let c(x) = -x + 1. Let k be c(1). Let f be (1 + -4 + k)/(-1). Suppose 212 = t + f*t. Is t a prime number?
True
Let i(s) = s**3 + 12*s**2 + 5*s - 7. Is i(-5) prime?
False
Suppose -51 = -5*w + 99. Let y be (w/4)/(6/72). Let m = 127 - y. Is m prime?
True
Is (-4 - (-5)/2)*3148/(-6) prime?
True
Suppose 353 - 84 = 3*s + 2*b, -b - 177 = -2*s. Is (-4 + 2 + 3)*s a composite number?
False
Suppose -3*c = -7*c + 32140. Suppose 5*h - c = -5*p, 4*h - 5*p - 612 = 5780. Is h prime?
False
Let g = 165 + -82. Let s = -28 + g. Is s a prime number?
False
Suppose -30 = -3*j - 3*h + 4*h, 27 = 3*j - 2*h. Is j a prime number?
True
Let c be 5 + -2 + (-144)/2. Let x = 221 - 117. Let v = x + c. Is v a prime number?
False
Let p(x) = 36*x**3 + 3*x**2 + 2*x - 2. Let j be p(3). Is j/5 - 10/(-25) a composite number?
True
Let x be 21/6 + (-3)/2. Is 432 + 1 - (0 + x) prime?
True
Let j = -1336 + 706. Let c = -274 - j. Suppose 2*k + c = 6*k. Is k prime?
True
Let b(i) = 19*i**2 - i + 1. Let t be b(2). Suppose -y + 5*z + t = 0, 5*y - 3*z + 59 = 6*y. Is y prime?
False
Let p(k) = -k + 3*k**3 + 2*k**2 - 2*k**2. Let t be (-2)/(-2*1)*1. Is p(t) a prime number?
True
Suppose 0 = 3*w + 9 + 9. Let m(n) = -2 + 9*n - n**3 + 8 - 4*n**2 + 1. Is m(w) a composite number?
True
Suppose -3*n + 12 = 2*n + 2*b, 4*n = -2*b + 10. Suppose -a = -n*d - 87, d = 5*a - 675 + 249. Is a a prime number?
False
Let p(l) = l**2 - l - 2. Is p(-3) composite?
True
Let v(l) = -l**3 - 5*l**2 + 4*l + 3. Suppose -3*t = t + 24. Let p be v(t). Suppose z - p = -2*q, 4 = -4*z - 4*q + 60. Is z composite?
False
Is (-24)/16*(-16)/6 a composite number?
True
Suppose h = -u - 7, 9*h = -4*u + 4*h - 25. Let t be (-6 + 1)*4/u. Suppose 93 = t*d - 89. Is d prime?
False
Let r(f) = -f**2 - 7*f + 13. Let w be r(-8). Suppose -110 = -p + 5*c, 3*p - 3*c + 5*c = 347. Suppose -40 = -w*k + p. Is k composite?
False
Let q be (-114)/(-27) - 2/9. Suppose 2*s - 22 = i - 3*i, -4*i + q*s = -12. Is i a composite number?
False
Suppose -4*t - 5*w = 12 - 5, 0 = -2*t + 3*w - 31. Let m = 20 + t. Let j = 101 + m. Is j a composite number?
False
Suppose 373 + 335 = 4*w. Is w a composite number?
True
Let j(s) = 5*s**3 + 4*s**2 + s - 6. Let t be j(-3). Let w be (-2474)/14 + (-4)/14. Let r = t - w. Is r a prime number?
False
Suppose 4*x + x = 15. Let d(t) = -9 - 9*t**2 + 3*t**3 - 4*t**x - 2 - 11*t. Is d(-8) prime?
True
Let a = 6 + 19. Suppose 3*i - 5*m = 13, 2*i + m + 4 = -9. Let r = a + i. Is r composite?
True
Suppose f + 0*f = 4*q + 114, -2*f + 231 = -5*q. Is (-1)/((-356)/f - -3) a prime number?
True
Let i(k) = -2*k**3 - k**2 + k + 1. Let j be i(-2). Suppose 14 + j = d. Is d prime?
False
Let u be 97/(4/6 - 1). Is 14/21*u/(-2) prime?
True
Suppose 2*y + 637 = 5*z - 0*y, 0 = -5*z - 3*y + 632. Is z prime?
True
Let u be ((-179)/2)/(3/(-6)). Let d = u - -152. Is d prime?
True
Let z(m) = -25*m**3 + 4*m**2 - 14*m - 8. Is z(-5) prime?
False
Suppose -3 - 1 = 2*a. Is 8/(-16) - 63/a composite?
False
Suppose 0 = -f - f + 16. Let w(k) = k**3 - 8*k**2 + 2*k - 5. Let h be w(f). Is 867/h + (-10)/(-55) prime?
True
Let h = 17 - 20. Suppose k - i = 4 + 5, -2*i + 3 = k. Let d = k + h. Is d prime?
False
Let v = 7 + -2. Suppose -4*c + 4 = 2*q, -10 + 0 = -v*q + 4*c. Suppose 11 = p + 2*m, 0*m = -4*p - q*m + 74. Is p composite?
True
Let g(k) = k - 4. Let l be g(4). Suppose l*d = d - 155. Is d composite?
True
Let m(g) = g + 4. Let p be m(-4). Let s be (5 - -1)*-1 + p. Is (-4)/s*(-237)/(-2) a prime number?
True
Let s = 7 - 17. Is ((-94)/(-10))/((-2)/s) composite?
False
Is (-7 + 2)*67/(-5) prime?
True
Let x(w) = -59*w - 12. Is x(-1) a composite number?
False
Let l(p) = -563*p - 1. Let c be l(1). Let j = 1121 + c. Is j a prime number